9?
9
What is the units digit of 4090?
0
What is the thousands digit of 16089?
6
What is the tens digit of 3953?
5
What is the units digit of 19732?
2
What is the hundreds digit of 646?
6
What is the thousands digit of 24013?
4
What is the hundreds digit of 614?
6
What is the units digit of 1623?
3
What is the hundreds digit of 20126?
1
What is the units digit of 679?
9
What is the tens digit of 5962?
6
What is the hundreds digit of 20520?
5
What is the ten thousands digit of 22406?
2
What is the hundred thousands digit of 128123?
1
What is the tens digit of 5786?
8
What is the units digit of 7429?
9
What is the tens digit of 702?
0
What is the tens digit of 161?
6
What is the hundreds digit of 1933?
9
What is the hundreds digit of 8979?
9
What is the hundreds digit of 1977?
9
What is the tens digit of 8582?
8
What is the units digit of 60943?
3
What is the units digit of 11036?
6
What is the tens digit of 98691?
9
What is the thousands digit of 27451?
7
What is the units digit of 9?
9
What is the units digit of 2560?
0
What is the tens digit of 536?
3
What is the units digit of 10647?
7
What is the units digit of 1661?
1
What is the thousands digit of 42306?
2
What is the units digit of 92040?
0
What is the units digit of 1758?
8
What is the tens digit of 1997?
9
What is the units digit of 11090?
0
What is the thousands digit of 85265?
5
What is the tens digit of 58022?
2
What is the thousands digit of 2429?
2
What is the units digit of 1227?
7
What is the hundreds digit of 718?
7
What is the thousands digit of 4424?
4
What is the tens digit of 4473?
7
What is the thousands digit of 1128?
1
What is the units digit of 6692?
2
What is the tens digit of 5551?
5
What is the units digit of 1646?
6
What is the hundreds digit of 1251?
2
What is the thousands digit of 4404?
4
What is the hundreds digit of 1381?
3
What is the hundreds digit of 2414?
4
What is the units digit of 68780?
0
What is the hundreds digit of 13825?
8
What is the hundreds digit of 443?
4
What is the hundreds digit of 508?
5
What is the ten thousands digit of 175007?
7
What is the hundreds digit of 16464?
4
What is the units digit of 20316?
6
What is the units digit of 3538?
8
What is the tens digit of 940?
4
What is the thousands digit of 152785?
2
What is the hundreds digit of 132578?
5
What is the thousands digit of 6369?
6
What is the tens digit of 123?
2
What is the units digit of 1486?
6
What is the units digit of 65979?
9
What is the ten thousands digit of 22188?
2
What is the tens digit of 6347?
4
What is the thousands digit of 30739?
0
What is the hundreds digit of 439?
4
What is the units digit of 596?
6
What is the tens digit of 16876?
7
What is the thousands digit of 1771?
1
What is the thousands digit of 13448?
3
What is the hundreds digit of 1361?
3
What is the hundreds digit of 1833?
8
What is the hundreds digit of 127?
1
What is the hundreds digit of 340?
3
What is the tens digit of 2763?
6
What is the hundreds digit of 5935?
9
What is the ten thousands digit of 44563?
4
What is the units digit of 37995?
5
What is the ten thousands digit of 24705?
2
What is the units digit of 3451?
1
What is the tens digit of 11905?
0
What is the units digit of 1056?
6
What is the thousands digit of 60216?
0
What is the units digit of 2767?
7
What is the tens digit of 2496?
9
What is the hundreds digit of 7073?
0
What is the units digit of 62316?
6
What is the thousands digit of 2552?
2
What is the thousands digit of 59788?
9
What is the thousands digit of 9744?
9
What is the tens digit of 34551?
5
What is the thousands digit of 61646?
1
What is the tens digit of 2542?
4
What is the tens digit of 253?
5
What is the tens digit of 465?
6
What is the thousands digit of 10805?
0
What is the ten thousands digit of 89625?
8
What is the hundreds digit of 1920?
9
What is the hundreds digit of 5657?
6
What is the hundreds digit of 187?
1
What is the thousands digit of 3825?
3
What is the tens digit of 32771?
7
What is the ten thousands digit of 118977?
1
What is the tens digit of 1722?
2
What is the thousands digit of 2254?
2
What is the hundreds digit of 111006?
0
What is the hundreds digit of 2054?
0
What is the thousands digit of 61174?
1
What is the tens digit of 1193?
9
What is the hundreds digit of 73479?
4
What is the units digit of 5575?
5
What is the thousands digit of 5780?
5
What is the units digit of 13665?
5
What is the units digit of 1372?
2
What is the hundreds digit of 51864?
8
What is the units digit of 24863?
3
What is the hundreds digit of 12261?
2
What is the hundreds digit of 14450?
4
What is the tens digit of 5148?
4
What is the tens digit of 57051?
5
What is the thousands digit of 5332?
5
What is the ten thousands digit of 24765?
2
What is the hundreds digit of 3078?
0
What is the units digit of 677?
7
What is the thousands digit of 7492?
7
What is the thousands digit of 1097?
1
What is the hundreds digit of 2943?
9
What is the thousands digit of 51382?
1
What is the tens digit of 27539?
3
What is the hundreds digit of 12464?
4
What is the hundreds digit of 1690?
6
What is the units digit of 5074?
4
What is the units digit of 736?
6
What is the units digit of 26631?
1
What is the tens digit of 139811?
1
What is the hundreds digit of 4084?
0
What is the hundreds digit of 50803?
8
What is the tens digit of 16043?
4
What is the hundreds digit of 85382?
3
What is the ten thousands digit of 146804?
4
What is the thousands digit of 31153?
1
What is the tens digit of 70726?
2
What is the hundreds digit of 8151?
1
What is the tens digit of 95015?
1
What is the thousands digit of 3850?
3
What is the thousands digit of 1571?
1
What is the tens digit of 40?
4
What is the tens digit of 2358?
5
What is the hundreds digit of 1223?
2
What is the hundreds digit of 44578?
5
What is the units digit of 58751?
1
What is the units digit of 18454?
4
What is the ten thousands digit of 10785?
1
What is the hundreds digit of 644?
6
What is the units digit of 872?
2
What is the hundreds digit of 33559?
5
What is the tens digit of 25660?
6
What is the hundreds digit of 20288?
2
What is the units digit of 1630?
0
What is the tens digit of 1172?
7
What is the tens digit of 1244?
4
What is the hundreds digit of 10731?
7
What is the hundreds digit of 17629?
6
What is the thousands digit of 61944?
1
What is the units digit of 16238?
8
What is the ten thousands digit of 28255?
2
What is the hundreds digit of 304?
3
What is the ten thousands digit of 15726?
1
What is the tens digit of 11677?
7
What is the ten thousands digit of 31641?
3
What is the hundreds digit of 6736?
7
What is the thousands digit of 1966?
1
What is the tens digit of 34098?
9
What is the units digit of 15608?
8
What is the hundreds digit of 5455?
4
What is the units digit of 1079?
9
What is the tens digit of 3948?
4
What is the hundreds digit of 1369?
3
What is the tens digit of 399?
9
What is the thousands digit of 77141?
7
What is the tens digit of 37188?
8
What is the tens digit of 640?
4
What is the units digit of 602?
2
What is the hundreds digit of 596?
5
What is the tens digit of 139?
3
What is the units digit of 1523?
3
What is the tens digit of 4253?
5
What is the hundreds digit of 164?
1
What is the thousands digit of 3521?
3
What is the hundreds digit of 3906?
9
What is the thousands digit of 21391?
1
What is the hundreds digit of 3958?
9
What is the hundreds digit of 1405?
4
What is the hundreds digit of 16694?
6
What is the hundreds digit of 18267?
2
What is the units digit of 6173?
3
What is the ten thousands digit of 28414?
2
What is the units digit of 3152?
2
What is the ten thousands digit of 11732?
1
What is the thousands digit of 2202?
2
What is the hundreds digit of 1784?
7
What is the hundreds digit of 20146?
1
What is the tens digit of 1928?
2
What is the thousands digit of 10125?
0
What is the hundreds digit of 45531?
5
What is the hundreds digit of 176368?
3
What is the thousands digit of 4048?
4
What is the thousands digit of 21444?
1
What is the thousands digit of 1971?
1
What is the tens digit of 1309?
0
What is the hundreds digit of 8180?
1
What is the units digit of 80495?
5
What is the ten thousands digit of 21521?
2
What is the hundreds digit of 6607?
6
What is the hundreds digit of 2322?
3
Wha